divided by 134.
7
Calculate the remainder when 686 is divided by 10.
6
What is the remainder when 79 is divided by 33?
13
Calculate the remainder when 1039 is divided by 344.
7
What is the remainder when 133 is divided by 65?
3
What is the remainder when 110 is divided by 48?
14
Calculate the remainder when 315 is divided by 53.
50
Calculate the remainder when 240 is divided by 56.
16
What is the remainder when 185 is divided by 17?
15
Calculate the remainder when 26 is divided by 14.
12
What is the remainder when 3814 is divided by 18?
16
Calculate the remainder when 290 is divided by 98.
94
Calculate the remainder when 1658 is divided by 83.
81
What is the remainder when 9357 is divided by 37?
33
What is the remainder when 329 is divided by 12?
5
Calculate the remainder when 2996 is divided by 75.
71
Calculate the remainder when 95 is divided by 35.
25
What is the remainder when 2692 is divided by 100?
92
What is the remainder when 1405 is divided by 468?
1
Calculate the remainder when 123 is divided by 14.
11
Calculate the remainder when 56 is divided by 19.
18
What is the remainder when 179 is divided by 90?
89
Calculate the remainder when 591 is divided by 11.
8
Calculate the remainder when 196 is divided by 53.
37
What is the remainder when 811 is divided by 11?
8
Calculate the remainder when 188 is divided by 94.
0
What is the remainder when 772 is divided by 195?
187
Calculate the remainder when 2962 is divided by 500.
462
What is the remainder when 159 is divided by 21?
12
Calculate the remainder when 350 is divided by 16.
14
What is the remainder when 236 is divided by 60?
56
What is the remainder when 881 is divided by 26?
23
What is the remainder when 809 is divided by 248?
65
What is the remainder when 115 is divided by 34?
13
What is the remainder when 251 is divided by 64?
59
Calculate the remainder when 125 is divided by 74.
51
Calculate the remainder when 523 is divided by 15.
13
Calculate the remainder when 3663 is divided by 131.
126
What is the remainder when 2386 is divided by 10?
6
Calculate the remainder when 621 is divided by 37.
29
What is the remainder when 19711 is divided by 128?
127
Calculate the remainder when 3378 is divided by 52.
50
What is the remainder when 207 is divided by 30?
27
What is the remainder when 7306 is divided by 34?
30
Calculate the remainder when 751 is divided by 65.
36
Calculate the remainder when 96 is divided by 91.
5
Calculate the remainder when 350 is divided by 49.
7
What is the remainder when 121 is divided by 41?
39
What is the remainder when 254 is divided by 43?
39
What is the remainder when 1509 is divided by 189?
186
What is the remainder when 206 is divided by 58?
32
Calculate the remainder when 5451 is divided by 111.
12
Calculate the remainder when 786 is divided by 94.
34
What is the remainder when 150 is divided by 29?
5
Calculate the remainder when 67 is divided by 36.
31
What is the remainder when 2219 is divided by 15?
14
What is the remainder when 23649 is divided by 31?
27
What is the remainder when 807 is divided by 136?
127
Calculate the remainder when 2839 is divided by 4.
3
Calculate the remainder when 108 is divided by 43.
22
Calculate the remainder when 388 is divided by 13.
11
Calculate the remainder when 58 is divided by 25.
8
What is the remainder when 343 is divided by 29?
24
Calculate the remainder when 96 is divided by 52.
44
Calculate the remainder when 730 is divided by 91.
2
What is the remainder when 2963 is divided by 21?
2
What is the remainder when 195 is divided by 6?
3
Calculate the remainder when 198 is divided by 36.
18
What is the remainder when 159 is divided by 10?
9
What is the remainder when 325 is divided by 55?
50
Calculate the remainder when 853 is divided by 76.
17
Calculate the remainder when 88 is divided by 16.
8
What is the remainder when 343 is divided by 148?
47
What is the remainder when 86 is divided by 51?
35
Calculate the remainder when 4484 is divided by 1487.
23
Calculate the remainder when 152 is divided by 68.
16
Calculate the remainder when 2957 is divided by 102.
101
What is the remainder when 67 is divided by 17?
16
Calculate the remainder when 782 is divided by 154.
12
What is the remainder when 950 is divided by 308?
26
What is the remainder when 218 is divided by 116?
102
What is the remainder when 2392 is divided by 150?
142
What is the remainder when 279 is divided by 225?
54
Calculate the remainder when 692 is divided by 99.
98
What is the remainder when 32 is divided by 18?
14
What is the remainder when 109 is divided by 29?
22
Calculate the remainder when 69 is divided by 53.
16
Calculate the remainder when 1912 is divided by 326.
282
Calculate the remainder when 360 is divided by 20.
0
Calculate the remainder when 119 is divided by 8.
7
Calculate the remainder when 137 is divided by 36.
29
Calculate the remainder when 1539 is divided by 7.
6
Calculate the remainder when 216 is divided by 50.
16
What is the remainder when 82 is divided by 47?
35
What is the remainder when 2502 is divided by 72?
54
What is the remainder when 1072 is divided by 263?
20
What is the remainder when 733 is divided by 49?
47
Calculate the remainder when 647 is divided by 198.
53
What is the remainder when 785 is divided by 273?
239
Calculate the remainder when 2562 is divided by 184.
170
Calculate the remainder when 254 is divided by 38.
26
Calculate the remainder when 301 is divided by 34.
29
Calculate the remainder when 615 is divided by 75.
15
What is the remainder when 315 is divided by 17?
9
What is the remainder when 700 is divided by 19?
16
Calculate the remainder when 1006 is divided by 72.
70
What is the remainder when 494 is divided by 99?
98
Calculate the remainder when 146 is divided by 59.
28
What is the remainder when 1113 is divided by 186?
183
What is the remainder when 789 is divided by 88?
85
What is the remainder when 278 is divided by 5?
3
Calculate the remainder when 4797 is divided by 150.
147
What is the remainder when 19062 is divided by 41?
38
What is the remainder when 56 is divided by 35?
21
What is the remainder when 86 is divided by 26?
8
Calculate the remainder when 74 is divided by 40.
34
What is the remainder when 255 is divided by 81?
12
What is the remainder when 119 is divided by 43?
33
Calculate the remainder when 1627 is divided by 269.
13
What is the remainder when 7948 is divided by 10?
8
What is the remainder when 559 is divided by 16?
15
Calculate the remainder when 4896 is divided by 196.
192
Calculate the remainder when 66 is divided by 18.
12
Calculate the remainder when 140 is divided by 36.
32
Calculate the remainder when 29 is divided by 21.
8
Calculate the remainder when 849 is divided by 415.
19
Calculate the remainder when 26 is divided by 5.
1
What is the remainder when 2037 is divided by 15?
12
What is the remainder when 499 is divided by 21?
16
Calculate the remainder when 4737 is divided by 15.
12
What is the remainder when 936 is divided by 11?
1
What is the remainder when 783 is divided by 377?
29
Calculate the remainder when 2691 is divided by 77.
73
Calculate the remainder when 6822 is divided by 7.
4
Calculate the remainder when 273 is divided by 40.
33
Calculate the remainder when 1127 is divided by 117.
74
Calculate the remainder when 2264 is divided by 47.
8
What is the remainder when 4483 is divided by 17?
12
What is the remainder when 15177 is divided by 110?
107
Calculate the remainder when 932 is divided by 17.
14
What is the remainder when 502 is divided by 8?
6
What is the remainder when 1253 is divided by 413?
14
Calculate the remainder when 415 is divided by 38.
35
Calculate the remainder when 1552 is divided by 140.
12
Calculate the remainder when 254 is divided by 238.
16
Calculate the remainder when 656 is divided by 127.
21
What is the remainder when 258 is divided by 11?
5
What is the remainder when 98 is divided by 31?
5
Calculate the remainder when 2799 is divided by 112.
111
Calculate the remainder when 779 is divided by 60.
59
Calculate the remainder when 19 is divided by 15.
4
What is the remainder when 52 is divided by 7?
3
Calculate the remainder when 2909 is divided by 292.
281
Calculate the remainder when 3477 is divided by 74.
73
Calculate the remain